re the prime factors of p?
37
Let x(j) = -2*j + 17. Let m be x(7). Suppose 2*v + 2*p + 16 = m*v, 0 = -3*v + 5*p + 50. What are the prime factors of v?
2, 5
Let z(b) = 23*b - 52. What are the prime factors of z(12)?
2, 7
Suppose 5*g - 450 = -0*g. Let f be ((-2)/(-2))/(2/g). Suppose -f = -5*b + 10. List the prime factors of b.
11
List the prime factors of (2 - 1) + -225*(-4)/4.
2, 113
Let j(d) = 37*d**2 + 3*d - 2. List the prime factors of j(-3).
2, 7, 23
Let h(p) = 3*p - 2. Let j be h(7). Let i = j - 10. List the prime factors of i.
3
Suppose 3*m + 78 = -5*i - 0*m, -3*i - 38 = 4*m. Let j(t) = -t**3 + 7*t**2 + 2*t - 5. Let w be j(7). What are the prime factors of (1 + (-15)/w)*i?
2, 3
Let c(x) = 0*x + 3 + 3*x**2 + x - 5. Let d(z) = -2*z**2 - 2*z + 1. Let m(l) = -3*c(l) - 4*d(l). What are the prime factors of m(4)?
2, 3
Let p = -46 - -101. List the prime factors of p.
5, 11
Let t(d) = 4*d + 14. Let y be 18/(-12)*(-10)/3. Let a(b) = 2*b + 7. Let r(j) = y*a(j) - 3*t(j). What are the prime factors of r(-6)?
5
Let o(f) = -f - 2. Let p be o(-5). List the prime factors of 10/(3 - 3/p).
5
Let d = -3 - -5. Suppose 0 = c - 4*k - 14, k = -0 - 4. What are the prime factors of 6 - (0 + d + c)?
2, 3
Suppose 0 = -5*p + 3*t + 432, -p + 0*p = -2*t - 92. Suppose h - p = -2*h. List the prime factors of h.
2, 7
Suppose o + 127 = 4*w, 0*w + 3*w - 3*o - 102 = 0. What are the prime factors of w?
31
Let t(l) = -l - 1. Let u be t(-3). Suppose -4*g + 1 + 3 = 0. What are the prime factors of (1 - 0)/(g/u)?
2
Let k = 10 - 3. What are the prime factors of k?
7
Suppose 4*y = 84 + 16. Suppose 0 = -0*f - 5*f + y. List the prime factors of f.
5
Let q be (-4)/(-1) + (-2 - 0). Suppose 2*p = 3 + 5. Let k = p - q. List the prime factors of k.
2
Let r = 16 + -7. Suppose r*v - 5*v - 28 = 0. List the prime factors of v.
7
Let j = -14 + 7. List the prime factors of (j/3)/((-6)/36).
2, 7
Let w be (-12)/9*87/(-2). Suppose 20 = -q + w. List the prime factors of q.
2, 19
Suppose -q = 4*i - 24, 3*i - 2 - 13 = 0. Let m(t) = -5*t**2 + q*t + 4*t**2 - 2 + 2*t**2. List the prime factors of m(-6).
2, 5
What are the prime factors of 1/3*(161 + -2)?
53
Suppose 91 = 3*d + 4*a, 3*d - a - 57 = d. Suppose -2 = y, -u - 5*y - 1 + d = 0. What are the prime factors of u?
2, 19
Suppose 0 = 3*q - 5*q + j + 133, -3*q - 2*j + 189 = 0. List the prime factors of q.
5, 13
Suppose 6*o = 10*o - 200. List the prime factors of o.
2, 5
Let k(l) = 2*l**2 + l. Let x be k(-2). Suppose -p = -20 + x. What are the prime factors of p?
2, 7
List the prime factors of (-37)/407 - (-474)/11.
43
Suppose -4 = 4*u - 36. Let c(o) = 58*o + 1. Let h be c(1). Suppose -3*z - n - h = -u*z, 4*n + 71 = 5*z. What are the prime factors of z?
11
What are the prime factors of 0 - 99*(3 + -5)/2?
3, 11
Let t(d) be the third derivative of -d**4/12 - 4*d**3/3 - 2*d**2. Suppose 5*j + 2*n + 41 = 0, 3*j = n - 2*n - 24. What are the prime factors of t(j)?
2, 3
Let b(f) = -4*f**3 - 3*f**2 - 2*f. What are the prime factors of b(-2)?
2, 3
Suppose t = 3*t + 84. What are the prime factors of 2/(-6) - 182/t?
2
Let j = 25 - 115. Let b be j/(-8) - (-2)/(-8). Let r = b - 7. List the prime factors of r.
2
What are the prime factors of -11 + 14 - (-1)/(1/71)?
2, 37
Let q(f) = 3*f**3 - 7*f**2 + 3*f - 1. Let h(y) = y**3 - y. Let t(n) = -4*h(n) + q(n). What are the prime factors of t(-8)?
7
Let f be ((-54)/(-45))/((-6)/(-20)). Suppose 4*b - 5*h = 3, -2*b - f*h + 19 = -15. What are the prime factors of b?
7
Suppose 2*u = -17 + 5. Let z = 5 + u. Let l = 7 + z. What are the prime factors of l?
2, 3
Suppose 2*t + 3 = -1, 5*i = -3*t + 1854. What are the prime factors of i?
2, 3, 31
Let b be (-2)/(-6) + 66/(-9). Let r(m) = m**3 + 8*m**2 + 5*m - 5. List the prime factors of r(b).
3
Suppose 164 = 4*d - 228. What are the prime factors of d?
2, 7
Suppose j - 81 - 62 = 4*v, v = -1. What are the prime factors of j?
139
Suppose 2*l - 5 = -3*l. Suppose -2*n = -3*n - l. List the prime factors of 9 - (0 + (n - -1)).
3
Let w(g) = -g + 3. Let h be w(3). Suppose -l - 2*l + 5*p + 106 = h, 2*l + p - 49 = 0. Suppose -3*s = -0*s - l. What are the prime factors of s?
3
Suppose 127 = 2*j - 213. List the prime factors of j.
2, 5, 17
What are the prime factors of 94/(-235) - (-192)/5?
2, 19
Let n(d) = -34*d**3 - 2*d**2 + d + 2. List the prime factors of n(-1).
3, 11
Suppose -t = t - 6. Suppose -w + t*w = 24. What are the prime factors of w?
2, 3
Let x = 18 + -6. Suppose -x = 4*l - l. Let k = l + 13. List the prime factors of k.
3
Suppose 5*o - o = m - 4, 4*o + 4 = -m. Let y be 25/10*(m + 2). Let u(k) = -k**2 + 6*k + 1. What are the prime factors of u(y)?
2, 3
Suppose l + 0*l - 23 = 0. Let j = -38 - -73. Let v = j - l. List the prime factors of v.
2, 3
Let q = 241 - 114. List the prime factors of q.
127
Let t(s) = s**2 - s. Let g be -1 + (-2)/(6/(-3)). Let q be t(g). Suppose q = 3*f - 8*f + 55. List the prime factors of f.
11
Let v(n) be the third derivative of -n**4/12 + n**2. What are the prime factors of v(-5)?
2, 5
Suppose l - 6*l = -600. List the prime factors of l.
2, 3, 5
Suppose 4*q + 13 + 27 = 0. Let g(a) = a**2 + 6*a - 11. What are the prime factors of g(q)?
29
Suppose 59 = 2*b - 65. List the prime factors of b.
2, 31
Let v = 306 + -183. What are the prime factors of v?
3, 41
Let u = -14 + 19. Suppose u*r + 4*z - 94 = 0, -4*r + 3*r + 14 = 2*z. List the prime factors of r.
2, 11
Suppose 5*q = 7*q - 480. Suppose -19*j + q = -15*j. What are the prime factors of j?
2, 3, 5
Let i(r) = r**2 - 6*r - 9. Let f be i(8). Let z = 2 + f. What are the prime factors of z?
3
Let p = 91 + -59. Suppose -3*m + 1 = -p. List the prime factors of m.
11
Suppose -59 - 17 = -4*d. Suppose -l + 0*l - 4*p - d = 0, -3*l = -2*p + 1. What are the prime factors of (-10)/3*l/2?
5
Let j(a) = a**3 + 5*a**2 + 2*a - 4. Let s be j(-4). Suppose 80 = s*f + f. List the prime factors of f.
2
Let q(z) = 3*z - 8. Let d be q(6). Suppose 3*o + d - 34 = 0. Let g = o + -5. List the prime factors of g.
3
List the prime factors of ((-5)/(-2))/(-5) + (-115)/(-2).
3, 19
Suppose 0*z = 2*z + 4. Let r be z/(0 - 2) - 0. What are the prime factors of (-24 + 2)*r/(-2)?
11
Suppose 6*i - 4*i + 125 = -5*j, 3*j - 15 = 0. What are the prime factors of ((-16)/5)/(10/i)?
2, 3
Suppose 2*x - 5*q - 51 = 0, 0 = -4*x - q - 2*q + 167. Suppose -5*y = -3*y - x. List the prime factors of y.
19
Let c = 8 + -3. Suppose 4*t = -o + 104, -c*t + 45 + 70 = 5*o. What are the prime factors of t?
3
Let o = -168 + 249. What are the prime factors of o?
3
Let g be (1 - (0 + 0))*-4. List the prime factors of (-2)/g*(40 + -8).
2
Suppose 4*o = 2*a - 10, -3*o - 9 = a - 3*a. Suppose -11 = -x + l, -4*x - x + 61 = -a*l. What are the prime factors of x?
2, 7
Suppose s + 0 = -2. Let r(n) = -n + 1. Let c be r(s). Suppose y = c*y + 2*b, 2*b = y - 6. What are the prime factors of y?
2
Let n(p) = 22*p + 2. What are the prime factors of n(1)?
2, 3
Suppose 2*c - 3*l - 12 = 45, -c = -l - 27. Suppose 6*f = 2*f + c. Suppose -f*r + 3*r + 18 = 0. List the prime factors of r.
2, 3
Let b be ((-160)/50)/((-4)/30). Let x = b - 13. What are the prime factors of x?
11
Let m = 4 + -5. Let w be (m/(-3))/(2/30). List the prime factors of ((-2)/w)/((-1)/20).
2
Let l = -106 - -195. Suppose -116 = -5*u + l. List the prime factors of u.
41
Suppose c + 5 = -0*c, 3*k = -2*c - 13. Let g(w) = w**3 - 5*w**2 + w - 1. Let q be g(5). Let l = k + q. What are the prime factors of l?
3
List the prime factors of (-39)/(-2) - 2/(-4).
2, 5
Let p = -14 - -16. Suppose 2 - 6 = -p*l. List the prime factors of l.
2
Suppose -3*v + v = -10. Suppose v*u = -3*s + 34, -3*u = 4*s - 6*u - 26. What are the prime factors of s?
2
Suppose 2 = r + 1. Let m(v) = -v**2 - 3*v + 2 - r - 2*v - 2. What are the prime factors of m(-2)?
5
Let j(g) = -6*g**3 + g + 6. Let i be j(-3). Suppose 0 = -3*a + 3*t + 87, 5*a = -3*t + 4*t + i. List the prime factors of a.
2, 17
What are the prime factors of (0 - 1)*(-114 - 8)?
2, 61
Let k be (-11)/(-3) - (-3)/9. Suppose k*y - 13 = d + 3, -4*d + 12 = 3*y. Suppose -3*s - v + 1 = -22, -s + y*v = -12. What are the prime factors of s?
2
Let d(b) = -b**3 - 4*b**2 - 2*b + 3. Let c be d(-3). Let h(f) = f**3 - f**2 - 10. Let j be h(c). Let m = j - -15. List the prime factors of m.
5
Let t be (-82)/(-7) + 